st common divisor of j and w.
13
Let f = 297 + -56. Let t = f - 209. What is the greatest common factor of 32 and t?
32
Let c = -206 + 648. Let f = c - 154. What is the greatest common divisor of f and 9?
9
Suppose -8 = -3*b - 23. Let s be (36/b)/(((-2)/35)/1). Calculate the greatest common divisor of s and 42.
42
Let s = 2774 + -2134. What is the highest common divisor of s and 384?
128
Let o(y) = -7*y - 103. Let d be o(9). Let f = 194 + d. What is the greatest common factor of 14 and f?
14
Let m(k) = -198*k + 2640. Let t be m(12). What is the highest common divisor of t and 1416?
24
Suppose -275 + 199 = 116*v + 272. Let s be 4/(-10) + (-512)/(-5). Let n be (-1)/(2/s*v). What is the greatest common divisor of 85 and n?
17
Let d(t) = -10*t - 166. Let u be d(-17). Let s(p) = -p**3 + 5*p**2 - 7*p + 13. Let w be s(u). What is the highest common factor of 11 and w?
1
Let g be -5 - (-2 - 0/(-1)). Let b be ((-12)/(-10))/(g/(-150)). Let f = 141 + -126. Calculate the greatest common factor of b and f.
15
Let t be 11 + -1 + (-5)/10*(30 + -14). Calculate the greatest common divisor of t and 367.
1
Suppose -g = h + 12, 47*h - 3 = 50*h. Let q be 393 - -6 - (g - -4). What is the greatest common factor of q and 14?
14
Suppose 54*a - 77 - 34 = -57*a. What is the highest common factor of 1977 and a?
1
Let q(d) = 11*d**2 - 20*d + 119. Let o be q(-19). Calculate the greatest common factor of o and 30.
30
Let l = 232 + -227. Suppose 9*z = 11*z + l*f + 5, -5*z + 3*f = -65. What is the highest common divisor of z and 10?
10
Let k(z) = -z**3 + 24*z**2 + 33*z + 40. Let a be k(25). What is the greatest common factor of a and 2832?
48
Let n(w) = w**3 + 10*w**2 + 21*w + 114. Let o be n(-9). Calculate the highest common divisor of o and 5058.
6
Suppose 2429 = 29*a - 877. Calculate the highest common divisor of a and 247.
19
Let d be -14*(-3)/14 - -41. What is the greatest common factor of d and 80?
4
Let l be ((-3)/(-5))/((26 + -12)/15540). What is the greatest common divisor of 54 and l?
18
Let y be 140/105*(-786)/(-4). Let d = y + -254. What is the highest common factor of 10 and d?
2
Let m be (-1)/(3/(-495 - 3)). Suppose q - 156 = -4*i, -3*q + m = -i - 367. Calculate the highest common divisor of q and 16.
16
Suppose -2*d = 5*u - d - 2297, -4*d + 2303 = 5*u. Let r(q) = -109*q + 671. Let v be r(6). Calculate the greatest common factor of u and v.
17
Suppose -1452 = -298*p + 294*p. Let u be (11 + 0)*462/p. Calculate the highest common divisor of u and 10.
2
Suppose -34 + 42 = -8*w. Let t = 13 - w. What is the greatest common factor of 77 and t?
7
Suppose -269*v = -5*q - 270*v + 30643, 0 = -2*q + 5*v + 12241. What is the highest common factor of 16 and q?
16
Let r be 3/(-15) + (-5)/((-500)/2720). Calculate the highest common factor of 198 and r.
9
Let j = -37 - -49. Suppose 5*t = u - j + 31, 4*t = 4*u + 28. Suppose -2*w + 2*p + 8 = 0, -5*w + p = -w - 7. Calculate the greatest common divisor of w and t.
1
Let x(c) = 4*c + 86. Let u be x(-21). Suppose -98 = -2*p - g, -4*p + 3*p + 49 = -u*g. Calculate the highest common factor of 14 and p.
7
Suppose 323*w - 168*w - 75240 = -472*w. Suppose -4*r - 5*c - 4 = 0, -2*c + 2 = -2*r - 0*c. Let v = 16 + r. What is the greatest common factor of v and w?
15
Let t be (1462 - ((-48)/6 + 3)) + (3 - 0). Calculate the greatest common factor of t and 780.
30
Let t = 567 - 422. What is the highest common divisor of t and 7685?
145
Let r be 5/10 - ((-33)/6)/1. Suppose -2*a = -5*v + 2, 3*a = -4*v + r*v + 8. Let s be (-1 + v)*15 - 2. Calculate the highest common divisor of s and 13.
13
Let g be (3/((-12)/(-22)) - (-123)/82)*11. What is the greatest common factor of 49 and g?
7
Suppose -18*l - 67 - 104 = -225. What is the highest common factor of 3603 and l?
3
Suppose 0 = -4*y - 5*t + 27, -y + 7 = -0*t + t. Suppose -7*o - y = -29. Suppose 0 = -5*m + o*m + 20. What is the highest common divisor of 90 and m?
10
Let l be 10 + (-276)/27 - 357/(-27). What is the highest common factor of 949 and l?
13
Let i be (-195)/(-27) + 6/(-27). Suppose -10*t = i*t - 170. What is the greatest common divisor of t and 80?
10
Suppose 32*k = -16 + 80. What is the highest common factor of 356 and k?
2
Suppose 131*z - 691483 = 84*z + 281417. What is the highest common divisor of 72 and z?
36
Suppose 119*p = 44*p + 5100. Calculate the highest common factor of p and 100.
4
Let n = 12 - -2. Suppose -1172*f + 1303*f - 1834 = 0. Calculate the highest common divisor of n and f.
14
Suppose 14*t - 1625 = 2549 + 1062. Calculate the greatest common divisor of 110 and t.
22
Let l be (-88)/(-6) - (-2)/6. Let v(x) = -392 + 0*x + 382 - 4*x**2 + 10*x + 3*x**2. Let u be v(8). Calculate the highest common divisor of u and l.
3
Suppose -3*u - 4*a + 31794 = 0, -2*u + 479*a - 474*a = -21219. What is the greatest common factor of u and 9?
9
Suppose -82*o - 4*o + 119282 = 0. What is the greatest common divisor of 57 and o?
19
Suppose -297*j = -357*j + 1320. Calculate the greatest common factor of j and 46.
2
Let f(a) = 7*a + 47. Let u be f(0). Suppose -n + 2*s + 55 = 0, 4*s = 44*n - u*n + 125. Calculate the greatest common factor of n and 141.
47
Let d(k) = 14*k**2 - 15*k + 10. Let h be d(-5). Calculate the highest common factor of h and 3190.
145
Let m(k) = -24*k - 2514. Let q be m(-105). Calculate the greatest common divisor of 1074 and q.
6
Let a be (99/(-12))/((-15)/(-320)*-1). Let q = 94 - a. Let w = 99 + q. Calculate the highest common divisor of 68 and w.
17
Let s = 68756 - 68525. Let b(o) = -o - 3 + o**3 - 4 - 2*o - 6*o**2. Let t be b(7). Calculate the highest common divisor of t and s.
21
Let m = -8971 - -9881. Calculate the highest common factor of m and 490.
70
Let h = 11 + -7. Suppose -q = 3*z - 57, -h*q = -q + 3*z - 153. Let p = -8212 + 8244. Calculate the highest common factor of q and p.
16
Suppose 5*b + 4*h - 25 = 78, 2*b + h = 40. Let u(f) = f**2 + 9*f**2 - 2 - 3*f + 11*f**2. Let c be u(2). Calculate the highest common divisor of b and c.
19
Let b(f) = f**3 + f**2 - 2*f + 36. Let d be b(0). What is the highest common factor of 117 and d?
9
Let d(w) = w**3 + 11*w**2 - 3*w - 10. Let g be d(-9). Let a = 5 + -24. Let s = g + a. What is the greatest common factor of s and 40?
40
Let d be (7 + 0)/21*(0 - -2175). Calculate the greatest common divisor of 300 and d.
25
Let z(j) = -2*j - 55. Let g be z(-8). Let c be g*(-10)/(-3)*3/(-6). Let m = c + -64. Calculate the greatest common divisor of 8 and m.
1
Let c = -15808 - -16024. Let o = 604 + -424. Calculate the highest common factor of c and o.
36
Suppose -127*y - 6798 = -156*y - 177*y. Suppose 5*x - 2*x = 5*v, 20 = 4*x. Suppose -10 + 43 = v*n. Calculate the highest common divisor of y and n.
11
Let c(j) = 18*j + 538. Let g be c(-17). What is the highest common divisor of g and 224?
8
Suppose 13*q - 667 = 633. Let s = -92 + q. Calculate the greatest common factor of 12 and s.
4
Suppose -5*z + 12394 = 3*c, -2*z + 5*c + 2006 = -2964. What is the highest common factor of 720 and z?
80
Suppose 0 = -3*g - 4*w + 99190, 17*w - 66073 = -2*g + 22*w. Calculate the greatest common divisor of g and 14.
14
Let t be 23 + -4 - 15 - -2. What is the greatest common divisor of 1434 and t?
6
Let t = -10401 - -10402. Suppose 10*y - 162 = 8*y. Calculate the greatest common divisor of t and y.
1
Let x be (12 - 9)*-1 + 123. Suppose n - 319 = -t, -2*t + 101 + 543 = -4*n. Calculate the highest common factor of t and x.
40
Let g = 10429 + -9689. Calculate the highest common divisor of g and 20.
20
Let n be (-2)/(-7) + 514/14. Suppose 5*w = -8 + 153. Let g = n - w. Calculate the greatest common factor of 64 and g.
8
Let h = 21847 + -21846. Calculate the highest common divisor of 389 and h.
1
Suppose 280*f = 14137 - 1817. What is the highest common divisor of f and 252?
4
Let l(q) = q**3 + 8*q**2 - 62*q + 20. Let b be l(-11). Calculate the highest common divisor of b and 24.
3
Suppose 1754*x = 1756*x - 174. What is the highest common factor of x and 551?
29
Let z be 1*8/20 + 46/10. Suppose -3*s + z*l = 2*s - 150, 120 = 5*s + 5*l. What is the highest common factor of s and 3?
3
Suppose 57 = -2*l + 221. Let p be 2/6 - 1554/(-9). Let i = p - l. Calculate the greatest common divisor of i and 26.
13
Suppose 4*y + 128 = -h + 5*h, 3*y = 4*h - 120. Calculate the 